prime factors of (63/2)/(13*(-48)/(-85696))?
2, 3, 7, 103
Suppose 14775 = -2*l + 27*l. Suppose -5*v = -4141 + l. What are the prime factors of v?
2, 5, 71
What are the prime factors of (743169/(-172))/(6/(-64))?
2, 7, 823
Let a(g) = -3*g + 2*g**3 - 20*g**2 + 16*g**2 + 0*g**2 + 6. What are the prime factors of a(5)?
3, 47
Let j(l) = 3*l**3 - 12*l**2 + 12*l + 1. Let y be j(6). Suppose 4*c - y = 523. What are the prime factors of c?
7, 29
Let r = 48 + 1225. What are the prime factors of r?
19, 67
Suppose 537472 = 21*s - 611564. What are the prime factors of s?
2, 13679
Let h(j) = 28*j**2 - 10*j + 5. Let y be h(-9). Suppose 0 = -18*v + 7069 + y. What are the prime factors of v?
2, 131
Let o(m) = -8*m**3 - 2*m**2 - 2. Suppose -2*y + 0*y + 4*f = 0, -5*f + 9 = 2*y. Let a be o(y). List the prime factors of (2 - a)*(9 - 8).
2, 19
Let n be ((3 - 3) + -8)*3/(-4). Suppose n*j = 9 + 237. List the prime factors of j.
41
Suppose 5*c - 10*c = -40. Let m be 25831/104 - 3/c. Let d = m - 113. What are the prime factors of d?
3, 5
Let m(q) = 5*q - 3. Let g be m(2). Suppose p - g = -2*z - 15, -5*p + 3*z = 1. What are the prime factors of (-1 - p) + 120/2?
61
Suppose 0 = 111*d - 167*d + 154896. What are the prime factors of d?
2, 3, 461
Suppose 399 = -u + 2639. Let y = u - 1105. List the prime factors of y.
5, 227
Let r be -1 + 2 + (37 - 38). Suppose r = 5*f + g + 13, 5*g = 6*g + 3. What are the prime factors of 309 + f/(-14) + 16/(-112)?
3, 103
What are the prime factors of ((-61785)/(-27) - -5)/((-10)/(-180))?
2, 3, 5, 43
Suppose -3*h + 2*a = -25525, -3*h + a - 8128 + 33651 = 0. What are the prime factors of h?
47, 181
Let u = -19842 - -34188. What are the prime factors of u?
2, 3, 797
Let h(b) = b**2 - 8*b + 23. Let m be h(7). Suppose 23*g - m*g - 6209 = 0. What are the prime factors of g?
887
Let k(b) = -266*b**3 + b**2 + b + 1. Let l = 185 - 186. List the prime factors of k(l).
3, 89
Suppose 0 = -4*g - g + 70. Suppose g - 14 = 5*q. Suppose q*a = 3*a - 384. List the prime factors of a.
2
Let b = -9810 + 10058. List the prime factors of b.
2, 31
Let n = 12865 + -6172. List the prime factors of n.
3, 23, 97
Let t(p) = -p**2 + 38. Let w(o) = -o**2 - o + 38. Let q(v) = -7*t(v) + 6*w(v). Let h = -2613 - -2633. What are the prime factors of q(h)?
2, 11
Suppose 0 = -2*v + 6, 5*v = -40*x + 36*x + 439. What are the prime factors of x?
2, 53
Let i(b) = b**3 - 4*b**2 - b + 26. Let l(p) = p**2 - p - 9. Let w(y) = -i(y) - 4*l(y). Let r be ((-8)/(-4))/((-2)/6). List the prime factors of w(r).
2, 7
Let u be -3*5/30*0. Suppose 0 = -0*p + 5*p - 20, u = 3*s - 4*p - 950. List the prime factors of s.
2, 7, 23
Let h be (1 - -4)*(111 + (3 - 1)). Let u = h + -120. What are the prime factors of u?
5, 89
Suppose 0 = 5*o - 3*f - 181536, -12*f - 25521 - 10866 = -o. What are the prime factors of o?
3, 12101
Let b(q) = -314*q + 276. List the prime factors of b(-4).
2, 383
Suppose -37*c + 12 = -43*c. List the prime factors of 2*29 + (2 + -3 - c).
59
Suppose -80*x - 43*x = 24*x - 1901739. What are the prime factors of x?
17, 761
Let q be (-4056 + 1/(-2)*4)/(-2). Let l = q - 74. List the prime factors of l.
5, 17, 23
Suppose -10*n + 5*n = 0, 4*n = 4*g - 15385 - 25915. List the prime factors of g.
5, 7, 59
Let p = -299 + 303. Let j = -20 + 224. Suppose -p*o + j = -o. List the prime factors of o.
2, 17
Suppose 0 = -4*k + 5*c - 45, -2*k + 0*k - c = 19. Let f be (-2124)/(-20) + 2/k. What are the prime factors of 2 + (-4 - f)/(-2)?
3, 19
Let l(i) = -8*i**3 - 22*i**2 + 4*i - 5. Let p(b) = -b**3 - b**2 - b - 2. Let t(y) = -l(y) + 6*p(y). What are the prime factors of t(-8)?
73
Let h(j) = -14*j**3 + 3*j**2 - 3*j + 1. Let v be h(2). Let r = v + 317. What are the prime factors of r?
2, 53
Suppose 79*s + 4446 = 85*s. List the prime factors of 16 + -21 - 4/((-12)/s).
2, 11
Let z = 6932 + -5230. What are the prime factors of z?
2, 23, 37
Suppose -11*f = -7*f + 5*t - 136710, -f = -3*t - 34203. What are the prime factors of f?
3, 5, 43, 53
Let y be (-3)/(-5) - 102*2/(-10). Suppose -2*h = -5*p + 281, -h - y + 128 = 2*p. What are the prime factors of 66/p*(-5)/(-2)?
3
Suppose -9*x - 90*x = -38*x - 392779. What are the prime factors of x?
47, 137
Let p(g) = 7*g**2 - 3*g + 21. Let s(c) = 20*c**2 - 9*c + 64. Let k(h) = 8*p(h) - 3*s(h). Let v be k(8). What are the prime factors of v*(-2 - 15/(-10))?
2
Let u(g) = -9 - 20 - 3135*g + 3173*g. List the prime factors of u(7).
3, 79
Let d(z) = -24*z - 106. Let h be d(-8). Suppose h*k = 80*k + 4728. List the prime factors of k.
2, 197
Let l = 37540 - 26373. What are the prime factors of l?
13, 859
Let m(p) = p**2 + 19*p - 70. Let j be m(-22). What are the prime factors of j*((-877)/4 - (-8 - -3))?
857
Let f(o) = 4*o**2 + 18*o - 77. Let n(j) = j**3 - 9*j**2 - 3*j + 47. Let d be n(9). What are the prime factors of f(d)?
7, 269
List the prime factors of (2 + -8)/6 + -3 + 6360.
2, 7, 227
Suppose 5*f = 4*f + 5, f = -5*k + 34655. Suppose 46*g = 37*g + k. What are the prime factors of g?
2, 5, 7, 11
Let r = -25 - -49. Suppose 5*k - 3*w - 6 = r, -22 = -4*k + 2*w. Suppose 0 = 4*y - 2*j - 132, 4*j = -k*y - j + 125. List the prime factors of y.
5, 7
Suppose 5*u + 0*c = -c + 38071, 4*c - 38074 = -5*u. What are the prime factors of u?
2, 3, 47
Suppose 0*g = -g + 9. Let r(m) = m**3 - 9*m**2 + 17*m + 26. What are the prime factors of r(g)?
179
Let a = -2213 + 2218. Let g = 5 - 0. Suppose -3*y - g*p = -74, -185 = -a*y + 6*p - 2*p. List the prime factors of y.
3, 11
Let u be -1*((-5)/5 - 492). Let z = u - 347. Let n = z - 81. What are the prime factors of n?
5, 13
Suppose -66*c + 125000 = -41*c. List the prime factors of c.
2, 5
Let x(o) = -9*o**3 - 5*o**2 - 21*o - 42. Let p be x(-7). Let q = p - 1495. What are the prime factors of q?
2, 3, 11
Let t = 22487 + -17809. What are the prime factors of t?
2, 2339
Let b = 94 - -21. Let x be -4 + 5 - (-73 + 0). Let t = b - x. What are the prime factors of t?
41
Let l(j) = 32*j + 2065. What are the prime factors of l(75)?
5, 19, 47
Suppose 0 = -21*f + 43*f + 110. What are the prime factors of (5*(-599)/f)/(2 + -1)?
599
Suppose -6*j - 408 = -0*j. Let v = -72 - j. List the prime factors of 3/(42/v) - (-1749)/21.
83
Let d(t) = -t**3 - t**2 + 5*t - 4. Let v be d(-4). Let p = 27 + -42. Let l = v - p. What are the prime factors of l?
3, 13
Suppose -38*s + 4110 = -8*s. List the prime factors of s.
137
Let r(z) = -78*z**3 - 3*z**2 - 3*z - 1. Let n be r(-1). Let q = -73 + n. Let j = 17 + q. What are the prime factors of j?
3, 7
Suppose 5*j - 434 = 36. Suppose 2*s = -x + j, -3*x + x + 143 = 3*s. Suppose -y - 5*p = -s, -4*y = 3*p - p - 180. What are the prime factors of y?
3, 5
Let m(s) = 43*s - 752. What are the prime factors of m(43)?
1097
Let o = -170 + 248. Let y = o + 71. List the prime factors of y.
149
Let m(b) = -2*b**3 - 30*b**2 + 83*b - 52. What are the prime factors of m(-23)?
7, 929
Suppose 0 = 3*t - 4*t + 5. Let d be 12 + (-10)/t + -3. Suppose 396 + 136 = d*v. List the prime factors of v.
2, 19
Let j(d) = 147*d - 4546. List the prime factors of j(49).
2657
What are the prime factors of (-96)/(-1584) + (-2112450)/(-198)?
47, 227
Let k = 193 + -194. List the prime factors of (-4)/(-3)*((-140)/(-8) + k).
2, 11
Suppose -3*k - c = 16 - 2, -k - c - 2 = 0. Let h be 6/4*-2 - k. Suppose h*l = -23 + 437. What are the prime factors of l?
2, 3, 23
Suppose 4*r = -x - 26, 2 = 10*x - 7*x - 4*r. List the prime factors of x + 1 - (2 - 321).
2, 157
Let m be ((-50)/5)/(-10) + 1*-982. Let z = m - -2172. List the prime factors of z.
3, 397
Suppose 14*h + 7538 + 38287 = 53*h. List the prime factors of h.
5, 47
Let u(z) = -10*z**3 + 8*z - 48. Let i(v) = -21*v**3 + 17*v - 97. Let l(a) = 6*i(a) - 13*u(a). What are the prime factors of l(5)?
2, 7, 19
Let r(o) = -o**3 - 2*o**2 + 48*o - 6. List the prime factors of r(-10).
2, 157
Suppose -4*i + 25 = 3*c - 19, -c = -3*i + 7. Suppose -c + 16 = 2*s. What are the prime factors of ((-24)/(-9))/s*(-7 + 169)?
2, 3
List the prime factors of (-209 - -213)/(((-1)/(-9945))/1).
2, 3, 5, 13, 17
Suppose 20408 = -50*i + 276308. What are the prime factors of i?
2, 3, 853
Let q(z) = z**3 - 17*z**2 - 23*z + 41. Suppose 5*c + 61 = 4*j, -2*c = j - 6*c - 7. What are the prime factors of q(j)?
2, 163
Let r be (5 + -5)/((-1)/1) + 3. Suppos